
15
Calculate the highest common factor of 170 and 120.
10
Calculate the highest common factor of 18496 and 289.
289
Calculate the highest common divisor of 17 and 3247.
17
Calculate the greatest common divisor of 280 and 12390.
70
What is the highest common divisor of 112 and 98?
14
Calculate the highest common divisor of 384 and 48.
48
Calculate the greatest common divisor of 119 and 32011.
119
What is the greatest common divisor of 441 and 28?
7
Calculate the greatest common factor of 1922 and 682.
62
Calculate the highest common divisor of 108 and 27.
27
What is the greatest common divisor of 285 and 120?
15
Calculate the highest common divisor of 176 and 154.
22
What is the highest common factor of 267 and 24?
3
Calculate the greatest common factor of 731 and 170.
17
What is the greatest common factor of 2948 and 198?
22
What is the highest common divisor of 12 and 132?
12
What is the highest common factor of 50 and 280?
10
Calculate the greatest common factor of 36 and 32.
4
What is the greatest common divisor of 2595 and 15?
15
Calculate the greatest common factor of 4 and 1020.
4
Calculate the highest common factor of 8192 and 128.
128
What is the highest common divisor of 95 and 2755?
95
What is the greatest common factor of 182 and 52?
26
What is the highest common divisor of 275 and 22?
11
Calculate the greatest common divisor of 1332 and 63.
9
What is the highest common divisor of 10530 and 30?
30
What is the highest common divisor of 1628 and 132?
44
What is the greatest common factor of 12 and 18?
6
What is the highest common factor of 505 and 1616?
101
What is the greatest common divisor of 506 and 4094?
46
Calculate the highest common divisor of 2021 and 43.
43
Calculate the greatest common divisor of 100 and 250.
50
What is the greatest common factor of 297 and 9?
9
Calculate the highest common factor of 3230 and 3610.
190
What is the highest common factor of 1088 and 51?
17
What is the greatest common divisor of 976 and 122?
122
Calculate the highest common factor of 54463 and 107.
107
What is the highest common divisor of 20 and 100?
20
What is the highest common divisor of 725 and 87?
29
What is the greatest common factor of 48 and 15?
3
What is the greatest common factor of 11 and 209?
11
What is the greatest common divisor of 2580 and 48?
12
What is the highest common divisor of 72 and 153?
9
What is the highest common divisor of 96 and 240?
48
What is the highest common factor of 110 and 10?
10
What is the greatest common divisor of 3 and 24?
3
Calculate the greatest common divisor of 756 and 63882.
378
Calculate the highest common divisor of 43 and 6751.
43
Calculate the highest common divisor of 231 and 31031.
77
What is the highest common factor of 22061 and 26?
13
What is the highest common factor of 17815 and 140?
35
What is the greatest common factor of 21 and 1239?
21
Calculate the highest common factor of 135 and 120.
15
Calculate the highest common factor of 14 and 4942.
14
What is the highest common divisor of 74 and 518?
74
Calculate the greatest common divisor of 7 and 112.
7
What is the highest common divisor of 656 and 82?
82
What is the greatest common divisor of 321 and 3?
3
Calculate the greatest common factor of 4255 and 805.
115
What is the highest common factor of 236 and 354?
118
What is the highest common divisor of 516 and 12?
12
What is the greatest common divisor of 1545 and 20?
5
What is the greatest common divisor of 5103 and 972?
243
What is the greatest common divisor of 195 and 65?
65
What is the highest common divisor of 153 and 238?
17
What is the highest common factor of 110 and 88?
22
Calculate the highest common factor of 45 and 21.
3
Calculate the greatest common factor of 42680 and 80.
40
What is the greatest common factor of 78 and 6214?
26
What is the highest common factor of 132 and 462?
66
What is the highest common divisor of 155 and 93?
31
What is the highest common factor of 532 and 5092?
76
What is the highest common factor of 180 and 162?
18
Calculate the highest common factor of 26 and 429.
13
What is the greatest common factor of 1675 and 25?
25
What is the highest common factor of 80 and 5?
5
Calculate the greatest common factor of 105 and 175.
35
Calculate the greatest common divisor of 153 and 153.
153
What is the greatest common factor of 15842 and 89?
89
What is the highest common factor of 70 and 22920?
10
What is the highest common divisor of 51792 and 48?
48
What is the greatest common divisor of 260 and 416?
52
What is the highest common factor of 15 and 1005?
15
What is the greatest common factor of 492 and 369?
123
What is the greatest common factor of 75 and 800?
25
Calculate the greatest common divisor of 21886 and 186.
62
What is the greatest common divisor of 1092 and 168?
84
Calculate the highest common factor of 256 and 208.
16
Calculate the greatest common divisor of 770 and 2926.
154
What is the greatest common factor of 116 and 2204?
116
What is the highest common divisor of 1444 and 228?
76
Calculate the highest common factor of 1824 and 36.
12
What is the highest common factor of 576 and 29520?
144
What is the highest common factor of 12 and 246?
6
Calculate the greatest common divisor of 396 and 88.
44
Calculate the highest common factor of 153 and 34.
17
What is the highest common factor of 4 and 124?
4
What is the highest common factor of 1387 and 219?
73
What is the greatest common divisor of 2905 and 315?
35
Calculate the highest common divisor of 276 and 84.
12
Calculate the highest common factor of 22724 and 104.
52
What is the highest common divisor of 6 and 86682?
6
What is the highest common divisor of 120 and 864?
24
What is the highest common factor of 36 and 1134?
18
Calculate the highest common factor of 1989 and 646.
17
What is the highest common divisor of 1139 and 34?
17
Calculate the highest common factor of 1560 and 338.
26
Calculate the highest common divisor of 202 and 5454.
202
What is the greatest common factor of 3816 and 324?
36
What is the highest common factor of 1835 and 5?
5
What is the greatest common divisor of 28 and 42?
14
What is the greatest common factor of 850 and 2890?
170
Calculate the greatest common factor of 282 and 3807.
141
What is the greatest common factor of 990 and 72?
18
What is the highest common factor of 187 and 153?
17
What is the highest common divisor of 208 and 208?
208
Calculate the highest common divisor of 1850 and 325.
25
Calculate the highest common divisor of 472 and 8.
8
What is the greatest common factor of 6 and 6216?
6
Calculate the highest common factor of 3492 and 36.
36
Calculate the highest common factor of 66 and 6.
6
Calculate the highest common factor of 4 and 388.
4
Calculate the greatest common factor of 3565 and 2635.
155
What is the greatest common factor of 2255 and 605?
55
What is the greatest common divisor of 138 and 2001?
69
Calculate the highest common divisor of 352 and 64.
32
Calculate the greatest common divisor of 270 and 24435.
135
Calculate the highest common divisor of 12 and 1536.
12
Calculate the greatest common factor of 170 and 5270.
170
What is the greatest common factor of 18 and 7500?
6
Calculate the highest common factor of 1392 and 144.
48
Calculate the highest common factor of 13409 and 66.
11
What is the highest common factor of 98 and 1127?
49
What is the highest common factor of 5406 and 408?
102
Calculate the highest common divisor of 3 and 24.
3
Calculate the greatest common factor of 88 and 22.
22
Calculate the highest common divisor of 1431 and 2544.
159
Calculate the highest common factor of 360 and 216.
72
Calculate the highest common divisor of 92 and 322.
46
What is the highest common divisor of 148 and 24?
4
Calculate the greatest common divisor of 42 and 3766.
14
What is the greatest common divisor of 1826 and 198?
22
What is the greatest common factor of 611 and 47?
47
What is the greatest common factor of 24 and 1800?
24
What is the greatest common divisor of 322 and 667?
23
What is the highest common divisor of 252 and 108?
36
What is the greatest common divisor of 75 and 60?
15
What is the greatest common divisor of 1302 and 42?
42
What is the greatest common divisor of 120 and 13935?
15
Calculate the highest common divisor of 275 a